{"id":3603,"date":"2022-02-23T16:57:55","date_gmt":"2022-02-23T16:57:55","guid":{"rendered":"https:\/\/anschlaege.de\/2020\/?page_id=3603"},"modified":"2022-02-23T16:57:55","modified_gmt":"2022-02-23T16:57:55","slug":"projekte","status":"publish","type":"page","link":"https:\/\/anschlaege.de\/2020\/de\/projekte\/","title":{"rendered":"Projekte"},"content":{"rendered":"<p>Im Mittelpunkt unserer Arbeit stehen Kommunikation, Design und &#8222;Phorschung&#8220;. Kommunikation macht aus einer M\u00fccke keinen Elefanten. Aber sie macht aus einer Idee eine \u00f6ffentliche Meinung, aus einem Kaugummi einen Umsatz, aus einem Geheimtipp ein volles Haus. Wer etwas zu sagen hat, f\u00fcr den bieten wir eine Plattform.<\/p>\n","protected":false},"excerpt":{"rendered":"<p>Im Mittelpunkt unserer Arbeit stehen Kommunikation, Design und &#8222;Phorschung&#8220;. Kommunikation macht aus einer M\u00fccke keinen Elefanten. Aber sie macht aus einer Idee eine \u00f6ffentliche Meinung, aus einem Kaugummi einen Umsatz, aus einem Geheimtipp ein volles Haus. Wer etwas zu sagen hat, f\u00fcr den bieten wir eine Plattform.<\/p>\n","protected":false},"author":2,"featured_media":0,"parent":0,"menu_order":0,"comment_status":"closed","ping_status":"closed","template":"template-parts\/work-page.php","meta":{"inline_featured_image":false,"footnotes":""},"yoast_head":"<!-- This site is optimized with the Yoast SEO plugin v18.3 - https:\/\/yoast.com\/wordpress\/plugins\/seo\/ -->\n<title>Projekte &ndash; anschlaege.de<\/title>\n<meta name=\"description\" content=\"Our work centers on communication, design and \u00bbphorschung\u00ab. For those who have something to say, we supply a platform. Here are some of our design projects.\" \/>\n<meta name=\"robots\" content=\"noindex, follow, max-snippet:-1, max-image-preview:large, max-video-preview:-1\" \/>\n<meta property=\"og:locale\" content=\"de_DE\" \/>\n<meta property=\"og:type\" content=\"article\" \/>\n<meta property=\"og:title\" content=\"Projekte &ndash; anschlaege.de\" \/>\n<meta property=\"og:description\" content=\"Our work centers on communication, design and \u00bbphorschung\u00ab. For those who have something to say, we supply a platform. Here are some of our design projects.\" \/>\n<meta property=\"og:url\" content=\"https:\/\/anschlaege.de\/2020\/de\/projekte\/\" \/>\n<meta property=\"og:site_name\" content=\"anschlaege.de\" \/>\n<meta property=\"article:publisher\" content=\"https:\/\/www.facebook.com\/anschlaege.de\" \/>\n<meta name=\"twitter:card\" content=\"summary\" \/>\n<script type=\"application\/ld+json\" class=\"yoast-schema-graph\">{\"@context\":\"https:\/\/schema.org\",\"@graph\":[{\"@type\":\"WebSite\",\"@id\":\"https:\/\/anschlaege.de\/2020\/#website\",\"url\":\"https:\/\/anschlaege.de\/2020\/\",\"name\":\"anschlaege.de\",\"description\":\"Studio for Design\",\"potentialAction\":[{\"@type\":\"SearchAction\",\"target\":{\"@type\":\"EntryPoint\",\"urlTemplate\":\"https:\/\/anschlaege.de\/2020\/?s={search_term_string}\"},\"query-input\":\"required name=search_term_string\"}],\"inLanguage\":\"de\"},{\"@type\":\"WebPage\",\"@id\":\"https:\/\/anschlaege.de\/2020\/de\/projekte\/#webpage\",\"url\":\"https:\/\/anschlaege.de\/2020\/de\/projekte\/\",\"name\":\"Projekte &ndash; anschlaege.de\",\"isPartOf\":{\"@id\":\"https:\/\/anschlaege.de\/2020\/#website\"},\"datePublished\":\"2022-02-23T16:57:55+00:00\",\"dateModified\":\"2022-02-23T16:57:55+00:00\",\"description\":\"Our work centers on communication, design and \u00bbphorschung\u00ab. For those who have something to say, we supply a platform. Here are some of our design projects.\",\"breadcrumb\":{\"@id\":\"https:\/\/anschlaege.de\/2020\/de\/projekte\/#breadcrumb\"},\"inLanguage\":\"de\",\"potentialAction\":[{\"@type\":\"ReadAction\",\"target\":[\"https:\/\/anschlaege.de\/2020\/de\/projekte\/\"]}]},{\"@type\":\"BreadcrumbList\",\"@id\":\"https:\/\/anschlaege.de\/2020\/de\/projekte\/#breadcrumb\",\"itemListElement\":[{\"@type\":\"ListItem\",\"position\":1,\"name\":\"Home\",\"item\":\"https:\/\/anschlaege.de\/2020\/\"},{\"@type\":\"ListItem\",\"position\":2,\"name\":\"Projekte\"}]}]}<\/script>\n<!-- \/ Yoast SEO plugin. -->","yoast_head_json":{"title":"Projekte &ndash; anschlaege.de","description":"Our work centers on communication, design and \u00bbphorschung\u00ab. For those who have something to say, we supply a platform. Here are some of our design projects.","robots":{"index":"noindex","follow":"follow","max-snippet":"max-snippet:-1","max-image-preview":"max-image-preview:large","max-video-preview":"max-video-preview:-1"},"og_locale":"de_DE","og_type":"article","og_title":"Projekte &ndash; anschlaege.de","og_description":"Our work centers on communication, design and \u00bbphorschung\u00ab. For those who have something to say, we supply a platform. Here are some of our design projects.","og_url":"https:\/\/anschlaege.de\/2020\/de\/projekte\/","og_site_name":"anschlaege.de","article_publisher":"https:\/\/www.facebook.com\/anschlaege.de","twitter_card":"summary","schema":{"@context":"https:\/\/schema.org","@graph":[{"@type":"WebSite","@id":"https:\/\/anschlaege.de\/2020\/#website","url":"https:\/\/anschlaege.de\/2020\/","name":"anschlaege.de","description":"Studio for Design","potentialAction":[{"@type":"SearchAction","target":{"@type":"EntryPoint","urlTemplate":"https:\/\/anschlaege.de\/2020\/?s={search_term_string}"},"query-input":"required name=search_term_string"}],"inLanguage":"de"},{"@type":"WebPage","@id":"https:\/\/anschlaege.de\/2020\/de\/projekte\/#webpage","url":"https:\/\/anschlaege.de\/2020\/de\/projekte\/","name":"Projekte &ndash; anschlaege.de","isPartOf":{"@id":"https:\/\/anschlaege.de\/2020\/#website"},"datePublished":"2022-02-23T16:57:55+00:00","dateModified":"2022-02-23T16:57:55+00:00","description":"Our work centers on communication, design and \u00bbphorschung\u00ab. For those who have something to say, we supply a platform. Here are some of our design projects.","breadcrumb":{"@id":"https:\/\/anschlaege.de\/2020\/de\/projekte\/#breadcrumb"},"inLanguage":"de","potentialAction":[{"@type":"ReadAction","target":["https:\/\/anschlaege.de\/2020\/de\/projekte\/"]}]},{"@type":"BreadcrumbList","@id":"https:\/\/anschlaege.de\/2020\/de\/projekte\/#breadcrumb","itemListElement":[{"@type":"ListItem","position":1,"name":"Home","item":"https:\/\/anschlaege.de\/2020\/"},{"@type":"ListItem","position":2,"name":"Projekte"}]}]}},"_links":{"self":[{"href":"https:\/\/anschlaege.de\/2020\/wp-json\/wp\/v2\/pages\/3603"}],"collection":[{"href":"https:\/\/anschlaege.de\/2020\/wp-json\/wp\/v2\/pages"}],"about":[{"href":"https:\/\/anschlaege.de\/2020\/wp-json\/wp\/v2\/types\/page"}],"author":[{"embeddable":true,"href":"https:\/\/anschlaege.de\/2020\/wp-json\/wp\/v2\/users\/2"}],"replies":[{"embeddable":true,"href":"https:\/\/anschlaege.de\/2020\/wp-json\/wp\/v2\/comments?post=3603"}],"version-history":[{"count":0,"href":"https:\/\/anschlaege.de\/2020\/wp-json\/wp\/v2\/pages\/3603\/revisions"}],"wp:attachment":[{"href":"https:\/\/anschlaege.de\/2020\/wp-json\/wp\/v2\/media?parent=3603"}],"curies":[{"name":"wp","href":"https:\/\/api.w.org\/{rel}","templated":true}]}}